(k) = -5*k - 21. Let l be p(f). List the prime factors of t(l).
3, 5, 7
Let b = -5792 - -11113. List the prime factors of b.
17, 313
Let y = -447 + 447. List the prime factors of (-2 + y)*3848/(-13).
2, 37
Suppose -y - 2*j - 3*j = -1108, -4*j = -3*y + 3400. What are the prime factors of y?
2, 3, 47
Let f = 3279 - 1950. List the prime factors of f.
3, 443
Let s be 2/8 - 1/4. Suppose -5*o + 15 = 0, 5*n + 6*o = 11*o. Suppose 0 = -j + m + 34, -5*m = n*j - s*j - 110. What are the prime factors of j?
5, 7
Suppose -240833 = -67*w - 61943. What are the prime factors of w?
2, 3, 5, 89
Let m(a) = 39*a**2 - 13*a + 11. Let t(n) = n**2 - 9*n - 6. Let p be t(9). List the prime factors of m(p).
1493
Let r(q) = -4*q**3 + 2*q**2 - 124*q - 1187. What are the prime factors of r(-18)?
131, 191
Suppose -y + 148 = -4*k, -3*y - 5*k = -10*k - 451. Suppose 2*h - 5*s - y = 0, 2*s = 5*h - 269 - 111. What are the prime factors of h?
2, 19
Let c = -2176 - -1209. Let t = 565 - c. What are the prime factors of t?
2, 383
Suppose -3*m + 3*a = 6, 5*m + a - 12 = m. Suppose -11 = w - m*w + b, -3*w = 5*b - 25. Let q(h) = 6*h + 25. List the prime factors of q(w).
5, 17
Let o be 18/(-63) - 1158/14. Let t = o + 88. List the prime factors of t.
5
Suppose -2*h - d = 46, 3*h + 3*d + 113 = -2*h. Let a(b) = 36 + 13*b + 6*b + 6*b - b**2 + 2*b**2. What are the prime factors of a(h)?
2, 3
Suppose 0 = f + 13 - 15. Suppose f*j = 4*q - 476, 4*q - j - 601 = -q. What are the prime factors of q?
11
Let y be ((-6)/(-4))/((-3)/(-10)). Suppose 3*s - 89 = y*l + 94, 2*l = 2*s - 122. Let j = -21 + s. List the prime factors of j.
2, 5
Let f = 411 - 411. Suppose 24*a + 11*a - 8505 = f. What are the prime factors of a?
3
List the prime factors of 2*(-9 + 8)*-8294.
2, 11, 13, 29
Let s be 3*((-48)/(-9) - 4). Suppose -18 = -2*f + 3*p + 10, -2*f + s*p = -28. Suppose f = k - 65. List the prime factors of k.
79
Let x = 81 + -84. What are the prime factors of (-55 + -1469)*(6/8)/x?
3, 127
Suppose -2*f + 4 = 14, 2*k = 5*f + 1. Let d be (-345)/((k/4)/3). Let i = -204 + d. List the prime factors of i.
3, 47
Suppose 1544 = -4*o + 4*q, -3*q = -4*q + 2. Let p = -366 - o. List the prime factors of p.
2, 3
Suppose -9 = 11*n - 163. Suppose -n = 12*o + 10. What are the prime factors of 6/o - (-144 - -14)?
127
Suppose o = 7 + 9. Let w(x) = x**2 + 18*x - 21. List the prime factors of w(o).
523
Let r(y) = 2138*y**2 + 39*y - 143. List the prime factors of r(4).
3, 11, 17, 61
Let y = 1590 + 84. List the prime factors of y.
2, 3, 31
What are the prime factors of (-3)/(51/323) - -24093?
2, 12037
Let n(l) = l**2 - 3*l + 4. Let y be n(0). Suppose y - 67 = -9*q. Suppose 0 = q*c + 257 - 663. List the prime factors of c.
2, 29
Let k = -6324 + 3425. Let i = -2032 - k. What are the prime factors of i?
3, 17
Let t = 12242 - 7233. List the prime factors of t.
5009
Let g(j) = j**3 + 11*j**2 + j - 5*j**2 - 17 + 6. Let t be g(-5). Suppose 5*d - t*d = -64. What are the prime factors of d?
2
Suppose 6838 = c + 4*s, -174*c = -171*c - 2*s - 20584. List the prime factors of c.
2, 3, 127
Let w(v) = 2*v**3 - 24*v**2 + 80531. What are the prime factors of w(0)?
11, 7321
Let w(j) = 12*j - 63. Let o(q) = q**3 + 10*q**2 + 18*q + 4. Let f(u) = u**2 - u. Let t(g) = -4*f(g) - o(g). Let z be t(-13). What are the prime factors of w(z)?
3, 5
Suppose 6*n = -4*a + 4*n + 16864, 3*n = -12. Suppose -3*c + 3*l = -a, -c - 2*l = 3*c - 5642. List the prime factors of c.
1409
Let f(j) = 13*j - 3. Let h be f(1). Suppose 5*t = h*t - 20. List the prime factors of (-116)/3*(15/6 - t).
2, 29
Suppose 0 = 290*x - 163*x - 4979894 - 3451001. List the prime factors of x.
5, 11, 17, 71
Let t(f) = 52*f - 1322. What are the prime factors of t(63)?
2, 977
Let y = 3559 - -14090. What are the prime factors of y?
3, 37, 53
Let u(t) = 5*t**2 + 17*t - 20. Let d be 28/(-6)*9/(-6). What are the prime factors of u(d)?
2, 43
Let x be 1/(8/(-2)) - (-6023)/76. Suppose 5*w - x - 36 = 0. Suppose w = 3*k - 166. List the prime factors of k.
3, 7
Let k(q) = -q. Let j(l) = 25*l**2 - 2*l - 29. Let p(b) = j(b) - 5*k(b). List the prime factors of p(4).
383
Let h = 142 - 137. Suppose 2*c = -8, 0*c = -2*m - h*c + 362. List the prime factors of m.
191
Suppose 0 = 4*j - 5*j - 5. Let u(l) = 36*l + 7. Let o be u(j). Let i = -40 - o. List the prime factors of i.
7, 19
What are the prime factors of 1143 + 11 + -16 + 19?
13, 89
Let u(l) = 77*l**3 - 82*l**2 + 669*l - 18. What are the prime factors of u(8)?
2, 3, 5, 439
Let g(s) = -s**2 - 8*s + 8. Let p be g(-7). What are the prime factors of p*(-9)/(-10)*22?
3, 11
Let d(z) = 3*z**2 - 22*z + 75. Let y be d(3). Let o = 544 - y. What are the prime factors of o?
2, 127
Let r(l) = -3*l**3 + 48*l**2 + 487*l + 5. What are the prime factors of r(-18)?
149, 163
Suppose 0 = 2*w - 350 - 178. Suppose 0 = -18*k + 15*k + 5*g - 20, -2*k + 20 = 5*g. Suppose k = 7*t + t - w. List the prime factors of t.
3, 11
Suppose 4*b + 8 = 4*f - 0*b, -f - 2 = -2*b. Let c = f - 0. Suppose c*r = -0*r + 96. List the prime factors of r.
2
Suppose -2*b - 5*s = 8, -3*s = 4*b - 4*s - 28. Let p be (-7)/(21/(-6))*b/(-3). What are the prime factors of 2/p + 18*46/8?
103
Suppose -5*b + 3*x + 1569 + 936 = 0, -4*x - 518 = -b. What are the prime factors of b?
2, 3, 83
Suppose -91834 = -36*d + 22322. List the prime factors of d.
3, 7, 151
Let y = 50 + -19. Let i(s) = 11 - 8*s + s**2 + y*s + s + s. What are the prime factors of i(-28)?
5, 19
Let w be 1/1 + 92 + 30/10. Suppose 0 = 7*f + 30 + w. Let u(a) = 2*a**2 + 36*a + 20. List the prime factors of u(f).
2, 5
Let n(s) = -s**2 + 122*s - 160. List the prime factors of n(51).
3461
Suppose -1188 = -2*n - 224. Let u = 750 - n. List the prime factors of u.
2, 67
Suppose 10*w + 4*w = -4574 + 197088. List the prime factors of w.
13751
Let i(q) be the first derivative of 28*q**2 - 33*q - 9. What are the prime factors of i(8)?
5, 83
Suppose 0 = -2*y - 4*h + 714 - 2314, 3*y + 2*h + 2392 = 0. List the prime factors of (y + -3 + 3)*(-11)/44.
199
Suppose 197*s - 222*s = -405250. List the prime factors of s.
2, 5, 1621
Let x be (-1 + 92/(-6))*(10 - 7). Let a = 52 + x. Suppose 0 = -u + 4*y + 76, -a*u + 2*y + 308 = 2*u. What are the prime factors of u?
2, 3, 5
Suppose 7 = 28*h - 189. Suppose 4*x + 215 = 3*c + 603, -3*x = -5*c - 280. Suppose -6*p - x = -h*p. What are the prime factors of p?
2, 5
Let s = 1139 - 616. Let p = s - 149. List the prime factors of p.
2, 11, 17
Let t(d) = -d**2 - 11*d + 42. Let h be t(-18). What are the prime factors of (-13296)/h - (32/14 + -2)?
2, 79
Let o(d) = d**3 - 27*d + 1. Let v be o(-5). Suppose -v*w + 5157 = -2367. List the prime factors of w.
2, 3, 19
Suppose 0 = d + 1 + 2. Let w(c) = c**2 - c - 1. Let o(r) = -7*r**2 + 6*r + 5. Let s(b) = -2*o(b) - 11*w(b). What are the prime factors of s(d)?
31
Let h = 97420 + -27327. What are the prime factors of h?
29, 2417
Let f = 837 - 2434. Let b = -67 - f. What are the prime factors of b?
2, 3, 5, 17
Suppose -34*v + 80 = -18*v. Suppose -4*n - v*l = -1548, -5*n = -5*l - 2840 + 950. List the prime factors of n.
2, 191
Suppose -3*j + 5*w + 142 = 0, 5*j + 66 - 286 = 5*w. Let s = 41 - j. Suppose -o + 85 = 2*r, -4*o + s*r + 377 = o. List the prime factors of o.
7, 11
Let z(a) = a**3 + 27*a**2 - 62*a + 12. Let i be z(-25). Let f = -1219 + i. What are the prime factors of f?
3, 59
Let l(k) = -k**2 - 4*k - 13. Let r be l(-6). Let b = r + 22. List the prime factors of ((-2096)/(-56))/(b/(-21)).
2, 131
Suppose -22*r - 13*r + 481036 = -139724. List the prime factors of r.
2, 3, 739
Let q be (-5127)/8 - (-75)/(-600). Let s = q - -722. What are the prime factors of s?
3
Let x(k) = -2*k**3 + k**2 + 12*k - 6. Suppose -13*g + 14*g + 6 = -v, -v + 3*g - 6 = 0. List the prime factors of x(v).
2, 3, 5, 13
What are the prime factors of 11784 + (-2)/(7*-1 - 483/(-63))?
3, 7, 11, 17
Let b(u) = 2*u. Let c(y) = -2*y + 492. Let k(n) = 6*b(n) + c(n). List the prime factors of k(0).
2, 3, 41
Let k = -3952 + 6760. Suppose -k = -21*u + 11304. List the prime factors of u.
2, 3, 7
Let m(a) = 13*a**3 + 20*a**2 - 77*a + 10. What are the prime factors of m(7)?
2, 5, 491
Let y = -20655 - -54423. What are the prime factors of y?
2, 3, 7, 67
Let m(o) be the first derivative of 4*o**3/3 - 22*o**2 + 39*o - 101. What are the prime f